{"id":11,"date":"2023-02-10T11:08:24","date_gmt":"2023-02-10T10:08:24","guid":{"rendered":"http:\/\/zsnazivo.cz\/?page_id=11"},"modified":"2026-02-19T12:14:34","modified_gmt":"2026-02-19T11:14:34","slug":"o-nas","status":"publish","type":"page","link":"https:\/\/zsnazivo.cz\/index.php\/o-nas\/","title":{"rendered":"Hodnoty a vize"},"content":{"rendered":"\n<p>D\u016fle\u017eit\u00fd je pro n\u00e1s respektuj\u00edc\u00ed p\u0159\u00edstup k d\u011btem. Vyu\u017e\u00edv\u00e1me nen\u00e1silnou komunikaci. Jsme sou\u010d\u00e1st\u00ed <a href=\"https:\/\/www.asociacesds.cz\/\">Asociace svobodn\u00fdch demokratick\u00fdch \u0161kol<\/a> a proto v na\u0161\u00ed \u0161kole vytv\u00e1\u0159\u00edme prost\u0159ed\u00ed zalo\u017een\u00e9 na t\u011bchto hodnot\u00e1ch:<\/p>\n\n\n\n<p><br>SEBE\u0158\u00cdZEN\u00c9 VZD\u011aL\u00c1V\u00c1N\u00cd<\/p>\n\n\n\n<p>U\u010den\u00ed vn\u00edm\u00e1me jako z\u00e1kladn\u00ed lidskou pot\u0159ebu a p\u0159irozenost. Zodpov\u011bdnost za sv\u00e9 u\u010den\u00ed maj\u00ed samy d\u011bti. Dlouhodob\u00e1 zku\u0161enost svobodn\u00fdch demokratick\u00fdch \u0161kol u n\u00e1s i ve sv\u011bt\u011b ukazuje, \u017ee d\u011bti jsou kompetentn\u00ed rozhodovat o sv\u00e9m \u017eivot\u011b<\/p>\n\n\n\n<h3 class=\"wp-block-heading\">D\u016eV\u011aRA A P\u0158IJET\u00cd<\/h3>\n\n\n\n<p>Vych\u00e1z\u00edme z pln\u00e9 d\u016fv\u011bry v d\u011bti a jejich pozitivn\u00ed vnit\u0159n\u00ed sm\u011b\u0159ov\u00e1n\u00ed, talenty a jedine\u010dnost. P\u0159ij\u00edm\u00e1me d\u011bti takov\u00e9, jak\u00e9 jsou, a to bez n\u00e1lepek a vn\u011bj\u0161\u00edho posuzov\u00e1n\u00ed<\/p>\n\n\n\n<h3 class=\"wp-block-heading\">OTEV\u0158ENOST A NEN\u00c1SIL\u00cd<\/h3>\n\n\n\n<p>Vytv\u00e1\u0159\u00edme prost\u0159ed\u00ed zalo\u017een\u00e9 na otev\u0159en\u00e9 a nen\u00e1siln\u00e9 komunikaci<\/p>\n\n\n\n<h3 class=\"wp-block-heading\">PARTNERSTV\u00cd A SAMOSPR\u00c1VA<\/h3>\n\n\n\n<p>Fungujeme na z\u00e1klad\u011b demokratick\u00e9ho rozhodov\u00e1n\u00ed, kde m\u00e1 d\u00edt\u011b stejn\u00fd hlas jako dosp\u011bl\u00fd. Rozhodujeme takto o v\u0161ech aspektech fungov\u00e1n\u00ed \u0161koly, v\u010detn\u011b tvorby pravidel a jejich uplat\u0148ov\u00e1n\u00ed. Z toho vypl\u00fdv\u00e1, \u017ee pot\u0159eby v\u0161ech \u010dlen\u016f \u0161koln\u00ed komunity formuj\u00ed prost\u0159ed\u00ed \u0161koly<\/p>\n\n\n\n<h3 class=\"wp-block-heading\">DOBROVOLNOST A V\u011aKOV\u00c9 M\u00cdCH\u00c1N\u00cd<\/h3>\n\n\n\n<p>D\u011bti samy rozhoduj\u00ed o tom, co, kde, kdy, jak a s k\u00fdm budou d\u011blat<\/p>\n","protected":false},"excerpt":{"rendered":"<p>D\u016fle\u017eit\u00fd je pro n\u00e1s respektuj\u00edc\u00ed p\u0159\u00edstup k d\u011btem. Vyu\u017e\u00edv\u00e1me nen\u00e1silnou komunikaci. Jsme sou\u010d\u00e1st\u00ed Asociace svobodn\u00fdch demokratick\u00fdch \u0161kol a proto v na\u0161\u00ed \u0161kole vytv\u00e1\u0159\u00edme prost\u0159ed\u00ed zalo\u017een\u00e9 na t\u011bchto hodnot\u00e1ch: SEBE\u0158\u00cdZEN\u00c9 VZD\u011aL\u00c1V\u00c1N\u00cd U\u010den\u00ed vn\u00edm\u00e1me jako z\u00e1kladn\u00ed lidskou pot\u0159ebu a p\u0159irozenost. Zodpov\u011bdnost za sv\u00e9 u\u010den\u00ed maj\u00ed samy d\u011bti. Dlouhodob\u00e1 zku\u0161enost svobodn\u00fdch demokratick\u00fdch \u0161kol u n\u00e1s i ve sv\u011bt\u011b &hellip; <\/p>\n<p class=\"link-more\"><a href=\"https:\/\/zsnazivo.cz\/index.php\/o-nas\/\" class=\"more-link\">Pokra\u010dovat ve \u010dten\u00ed<span class=\"screen-reader-text\"> &#8222;Hodnoty a vize&#8220;<\/span><\/a><\/p>\n","protected":false},"author":1,"featured_media":223,"parent":0,"menu_order":0,"comment_status":"closed","ping_status":"closed","template":"","meta":{"footnotes":""},"class_list":["post-11","page","type-page","status-publish","has-post-thumbnail","hentry"],"_links":{"self":[{"href":"https:\/\/zsnazivo.cz\/index.php\/wp-json\/wp\/v2\/pages\/11","targetHints":{"allow":["GET"]}}],"collection":[{"href":"https:\/\/zsnazivo.cz\/index.php\/wp-json\/wp\/v2\/pages"}],"about":[{"href":"https:\/\/zsnazivo.cz\/index.php\/wp-json\/wp\/v2\/types\/page"}],"author":[{"embeddable":true,"href":"https:\/\/zsnazivo.cz\/index.php\/wp-json\/wp\/v2\/users\/1"}],"replies":[{"embeddable":true,"href":"https:\/\/zsnazivo.cz\/index.php\/wp-json\/wp\/v2\/comments?post=11"}],"version-history":[{"count":5,"href":"https:\/\/zsnazivo.cz\/index.php\/wp-json\/wp\/v2\/pages\/11\/revisions"}],"predecessor-version":[{"id":148,"href":"https:\/\/zsnazivo.cz\/index.php\/wp-json\/wp\/v2\/pages\/11\/revisions\/148"}],"wp:featuredmedia":[{"embeddable":true,"href":"https:\/\/zsnazivo.cz\/index.php\/wp-json\/wp\/v2\/media\/223"}],"wp:attachment":[{"href":"https:\/\/zsnazivo.cz\/index.php\/wp-json\/wp\/v2\/media?parent=11"}],"curies":[{"name":"wp","href":"https:\/\/api.w.org\/{rel}","templated":true}]}}