{"id":12,"date":"2023-02-10T11:08:24","date_gmt":"2023-02-10T10:08:24","guid":{"rendered":"http:\/\/zsnazivo.cz\/?page_id=12"},"modified":"2026-02-19T12:10:04","modified_gmt":"2026-02-19T11:10:04","slug":"kontakt","status":"publish","type":"page","link":"https:\/\/zsnazivo.cz\/index.php\/kontakt\/","title":{"rendered":"Pro z\u00e1jemce"},"content":{"rendered":"\n<p>V p\u0159\u00edpad\u011b z\u00e1jmu o doch\u00e1zku do na\u0161\u00ed \u0161koly n\u00e1s kontaktujte na emailu: info@zsnazivo.cz. T\u011b\u0161\u00edme se na setk\u00e1n\u00ed na osobn\u00ed sch\u016fzce. <\/p>\n\n\n\n<p><\/p>\n","protected":false},"excerpt":{"rendered":"<p>V p\u0159\u00edpad\u011b z\u00e1jmu o doch\u00e1zku do na\u0161\u00ed \u0161koly n\u00e1s kontaktujte na emailu: info@zsnazivo.cz. T\u011b\u0161\u00edme se na setk\u00e1n\u00ed na osobn\u00ed sch\u016fzce.<\/p>\n","protected":false},"author":1,"featured_media":219,"parent":0,"menu_order":0,"comment_status":"closed","ping_status":"closed","template":"","meta":{"footnotes":""},"class_list":["post-12","page","type-page","status-publish","has-post-thumbnail","hentry"],"_links":{"self":[{"href":"https:\/\/zsnazivo.cz\/index.php\/wp-json\/wp\/v2\/pages\/12","targetHints":{"allow":["GET"]}}],"collection":[{"href":"https:\/\/zsnazivo.cz\/index.php\/wp-json\/wp\/v2\/pages"}],"about":[{"href":"https:\/\/zsnazivo.cz\/index.php\/wp-json\/wp\/v2\/types\/page"}],"author":[{"embeddable":true,"href":"https:\/\/zsnazivo.cz\/index.php\/wp-json\/wp\/v2\/users\/1"}],"replies":[{"embeddable":true,"href":"https:\/\/zsnazivo.cz\/index.php\/wp-json\/wp\/v2\/comments?post=12"}],"version-history":[{"count":6,"href":"https:\/\/zsnazivo.cz\/index.php\/wp-json\/wp\/v2\/pages\/12\/revisions"}],"predecessor-version":[{"id":220,"href":"https:\/\/zsnazivo.cz\/index.php\/wp-json\/wp\/v2\/pages\/12\/revisions\/220"}],"wp:featuredmedia":[{"embeddable":true,"href":"https:\/\/zsnazivo.cz\/index.php\/wp-json\/wp\/v2\/media\/219"}],"wp:attachment":[{"href":"https:\/\/zsnazivo.cz\/index.php\/wp-json\/wp\/v2\/media?parent=12"}],"curies":[{"name":"wp","href":"https:\/\/api.w.org\/{rel}","templated":true}]}}