{"id":179,"date":"2026-01-03T11:41:06","date_gmt":"2026-01-03T10:41:06","guid":{"rendered":"https:\/\/zsnazivo.cz\/?page_id=179"},"modified":"2026-01-03T11:41:36","modified_gmt":"2026-01-03T10:41:36","slug":"kontakt-3","status":"publish","type":"page","link":"https:\/\/zsnazivo.cz\/","title":{"rendered":"Kontakt"},"content":{"rendered":"\n<p>Z\u00e1kladn\u00ed \u0161kola Na\u017divo<\/p>\n\n\n\n<p>Kv\u011btn\u00e1 92, Kv\u011btn\u00e1 572 01<\/p>\n\n\n\n<p>I\u010cO 10824693<\/p>\n\n\n\n<p>\u0159editelka \u0161koly Mgr. Sv\u011btlana Klukov\u00e1, tel. 777 442994<\/p>\n\n\n\n<p>E-mail: info@zsnazivo.cz, reditel@zsnazivo.cz<\/p>\n\n\n\n<p>Z\u0159izovatel: spolek Cestou spolu<\/p>\n","protected":false},"excerpt":{"rendered":"<p>Z\u00e1kladn\u00ed \u0161kola Na\u017divo Kv\u011btn\u00e1 92, Kv\u011btn\u00e1 572 01 I\u010cO 10824693 \u0159editelka \u0161koly Mgr. Sv\u011btlana Klukov\u00e1, tel. 777 442994 E-mail: info@zsnazivo.cz, reditel@zsnazivo.cz Z\u0159izovatel: spolek Cestou spolu<\/p>\n","protected":false},"author":1,"featured_media":0,"parent":0,"menu_order":0,"comment_status":"closed","ping_status":"closed","template":"","meta":{"footnotes":""},"class_list":["post-179","page","type-page","status-publish","hentry"],"_links":{"self":[{"href":"https:\/\/zsnazivo.cz\/index.php\/wp-json\/wp\/v2\/pages\/179","targetHints":{"allow":["GET"]}}],"collection":[{"href":"https:\/\/zsnazivo.cz\/index.php\/wp-json\/wp\/v2\/pages"}],"about":[{"href":"https:\/\/zsnazivo.cz\/index.php\/wp-json\/wp\/v2\/types\/page"}],"author":[{"embeddable":true,"href":"https:\/\/zsnazivo.cz\/index.php\/wp-json\/wp\/v2\/users\/1"}],"replies":[{"embeddable":true,"href":"https:\/\/zsnazivo.cz\/index.php\/wp-json\/wp\/v2\/comments?post=179"}],"version-history":[{"count":2,"href":"https:\/\/zsnazivo.cz\/index.php\/wp-json\/wp\/v2\/pages\/179\/revisions"}],"predecessor-version":[{"id":183,"href":"https:\/\/zsnazivo.cz\/index.php\/wp-json\/wp\/v2\/pages\/179\/revisions\/183"}],"wp:attachment":[{"href":"https:\/\/zsnazivo.cz\/index.php\/wp-json\/wp\/v2\/media?parent=179"}],"curies":[{"name":"wp","href":"https:\/\/api.w.org\/{rel}","templated":true}]}}